remainder when 155476 is divided by 92?
88
What is the remainder when 1926551 is divided by 209?
198
What is the remainder when 465474 is divided by 17872?
802
Calculate the remainder when 1913049 is divided by 89.
83
What is the remainder when 5738119 is divided by 70?
9
What is the remainder when 4870792 is divided by 1623597?
1
Calculate the remainder when 449756759 is divided by 2040.
2039
Calculate the remainder when 66294 is divided by 332.
226
What is the remainder when 497125 is divided by 22517?
1751
What is the remainder when 477268 is divided by 45?
43
Calculate the remainder when 29331 is divided by 1357.
834
What is the remainder when 2657786 is divided by 10?
6
Calculate the remainder when 5207269 is divided by 274066.
15
Calculate the remainder when 2042778 is divided by 2467.
102
What is the remainder when 3497025 is divided by 53793?
480
Calculate the remainder when 340428 is divided by 21117.
2556
Calculate the remainder when 95977 is divided by 11439.
4465
Calculate the remainder when 8208 is divided by 547.
3
What is the remainder when 878287 is divided by 633?
316
What is the remainder when 2011952 is divided by 3067?
0
What is the remainder when 23583 is divided by 5884?
47
Calculate the remainder when 3740266 is divided by 93.
85
Calculate the remainder when 799172999 is divided by 2566.
2563
What is the remainder when 17134259 is divided by 5640?
5579
What is the remainder when 65864 is divided by 2364?
2036
Calculate the remainder when 2593730 is divided by 370530.
20
Calculate the remainder when 20148 is divided by 124.
60
Calculate the remainder when 16189053 is divided by 818.
15
Calculate the remainder when 9530 is divided by 664.
234
What is the remainder when 97864929 is divided by 1270?
1269
What is the remainder when 4784708 is divided by 587?
71
What is the remainder when 162126 is divided by 455?
146
Calculate the remainder when 1480745 is divided by 274.
49
What is the remainder when 153862 is divided by 30607?
827
Calculate the remainder when 73079050 is divided by 72.
58
Calculate the remainder when 1125466 is divided by 27.
25
Calculate the remainder when 11190 is divided by 2199.
195
Calculate the remainder when 122643872 is divided by 565179.
29
Calculate the remainder when 461354215 is divided by 26.
23
What is the remainder when 842283 is divided by 4011?
3984
Calculate the remainder when 93841 is divided by 1850.
1341
Calculate the remainder when 2243764 is divided by 1556.
12
What is the remainder when 1985841 is divided by 188?
185
What is the remainder when 10194307 is divided by 3398100?
7
What is the remainder when 409785 is divided by 21?
12
Calculate the remainder when 197977 is divided by 4952.
4849
Calculate the remainder when 69001964 is divided by 35.
24
Calculate the remainder when 1845571 is divided by 15910.
11
Calculate the remainder when 35227 is divided by 3899.
136
What is the remainder when 43971 is divided by 43773?
198
What is the remainder when 60355981 is divided by 16?
13
What is the remainder when 3337985 is divided by 888?
881
Calculate the remainder when 247084788 is divided by 1587.
1584
Calculate the remainder when 298968452 is divided by 2037.
2036
Calculate the remainder when 452783 is divided by 226378.
27
Calculate the remainder when 183222 is divided by 7305.
597
What is the remainder when 77846779 is divided by 16?
11
Calculate the remainder when 318040 is divided by 158893.
254
What is the remainder when 295645 is divided by 1615?
100
Calculate the remainder when 119723 is divided by 654.
41
What is the remainder when 27235207 is divided by 8?
7
Calculate the remainder when 752135 is divided by 4884.
4883
Calculate the remainder when 302165 is divided by 112.
101
Calculate the remainder when 83325862 is divided by 19.
13
What is the remainder when 145972 is divided by 144836?
1136
Calculate the remainder when 449678 is divided by 3036.
350
Calculate the remainder when 20958 is divided by 18998.
1960
What is the remainder when 2417341 is divided by 18?
13
What is the remainder when 542115623 is divided by 47?
45
What is the remainder when 169793 is divided by 28292?
41
What is the remainder when 613193 is divided by 16797?
8501
Calculate the remainder when 70835 is divided by 16681.
4111
What is the remainder when 532940 is divided by 1211?
100
Calculate the remainder when 1076042 is divided by 706.
98
What is the remainder when 225473 is divided by 2327?
2081
Calculate the remainder when 2718269 is divided by 1957.
1953
What is the remainder when 4593018 is divided by 7408?
58
What is the remainder when 86437996 is divided by 2000?
1996
Calculate the remainder when 1747070 is divided by 40.
30
What is the remainder when 158197 is divided by 1189?
60
Calculate the remainder when 18428144 is divided by 96.
80
Calculate the remainder when 205154 is divided by 314.
112
What is the remainder when 998796 is divided by 2077?
1836
Calculate the remainder when 1075788 is divided by 29883.
0
What is the remainder when 16815874 is divided by 2802637?
52
What is the remainder when 627609 is divided by 19424?
6041
Calculate the remainder when 1068275 is divided by 401.
11
Calculate the remainder when 161345157 is divided by 370.
367
Calculate the remainder when 63789796 is divided by 12757957.
11
What is the remainder when 222422 is divided by 1435?
1432
Calculate the remainder when 47021 is divided by 1099.
863
What is the remainder when 103970 is divided by 34042?
1844
What is the remainder when 204989475 is divided by 76?
71
What is the remainder when 4660077 is divided by 13666?
13637
Calculate the remainder when 424292 is divided by 7191.
23
What is the remainder when 2926150 is divided by 415?
400
What is the remainder when 6019 is divided by 354?
1
What is the remainder when 69799430 is divided by 11731?
11711
What is the remainder when 82211 is divided by 724?
399
Calculate the remainder when 63192147 is divided by 135.
132
Calculate the remainder when 15569754 is divided by 68.
66
What is the remainder when 8570187 is divided by 22?
21
What is the remainder when 17135373 is divided by 17135306?
67
What is the remainder when 45156 is divided by 875?
531
Calculate the remainder when 486383 is divided by 155.
148
What is the remainder when 84303739 is divided by 1807?
1768
What is the remainder when 231101019 is divided by 5?
4
Calculate the remainder when 1124861 is divided by 224880.
461
Calculate the remainder when 116630 is divided by 670.
50
What is the remainder when 30648680 is divided by 30648628?
52
Calculate the remainder when 358982 is divided by 55.
52
Calculate the remainder when 6742029 is divided by 63604.
5
Calculate the remainder when 8572753 is divided by 32972.
33
Calculate the remainder when 126022830 is divided by 208.
206
What is the remainder when 170363 is divided by 506?
347
What is the remainder when 1053780 is divided by 21953?
36
What is the remainder when 37453054 is divided by 271?
41
Calculate the remainder when 114711 is divided by 3278.
3259
What is the remainder when 53241 is divided by 1303?
1121
Calculate the remainder when 5661882 is divided by 1941.
1926
What is the remainder when 102272953 is divided by 111?
106
What is the remainder when 1237854 is divided by 176827?
65
Calculate the remainder when 3766950 is divided by 8.
6
Calculate the remainder when 2620 is divided by 328.
324
What is the remainder when 583680 is divided by 2925?
1605
What is the remainder when 492165441 is divided by 129?
126
Calculate the remainder when 74835 is divided by 23832.
3339
Calculate the remainder when 8108216 is divided by 675684.
8
Calculate the remainder when 403375 is divided by 106.
45
Calculate the remainder when 5809553 is divided by 109614.
11
Calculate the remainder when 2152195 is divided by 226.
223
What is the remainder when 39608518 is divided by 2903?
2889
What is the remainder when 1123825 is divided by 561908?
9
What is the remainder when 2035344 is divided by 20352?
144
What is the remainder when 266253 is divided by 22130?
693
Calculate the remainder when 2498754 is divided by 624676.
50
Calculate the remainder when 543777 is divided by 6971.
39
What is the remainder when 2296969 is divided by 289?
286
Calculate the remainder 